{"id":29,"date":"2010-11-15T23:09:15","date_gmt":"2010-11-15T23:09:15","guid":{"rendered":"http:\/\/www.jcm-animation.de\/?page_id=29"},"modified":"2017-04-19T16:32:36","modified_gmt":"2017-04-19T16:32:36","slug":"nanocam","status":"publish","type":"page","link":"https:\/\/www.jcm-animation.de\/?page_id=29","title":{"rendered":"Nanocam"},"content":{"rendered":"<p style=\"text-align: center;\"><img loading=\"lazy\" decoding=\"async\" class=\"size-full wp-image-30 aligncenter\" title=\"nanocam\" src=\"http:\/\/www.jcm-animation.de\/wp-content\/uploads\/2010\/11\/nanocam.jpg\" alt=\"\" width=\"600\" height=\"450\" srcset=\"https:\/\/www.jcm-animation.de\/wp-content\/uploads\/2010\/11\/nanocam.jpg 550w, https:\/\/www.jcm-animation.de\/wp-content\/uploads\/2010\/11\/nanocam-300x225.jpg 300w\" sizes=\"auto, (max-width: 600px) 100vw, 600px\" \/><\/p>\n<p>Die Nanocam ist ein bionischer Organismus, und besteht aus dem auf 1\/1000 seiner nat\u00fcrlichen Gr\u00f6\u00dfe genetisch verkleinerten K\u00f6rper einer Stubenfliege, deren Kopf gegen ein nanotechnologisch hergestelltes Hochleistungsobjektiv ausgetauscht wurde. Durch eine Anbindung der Synapsen an entsprechende Nanoschnittstellen l\u00e4sst sich diese Kamera problemlos \u00fcber ein Laptop oder iPhone\/iPad fernsteuern und das gefilmte Bild synchron aufzeichnen. Nanogyroskope stabilisieren die Lage der Kamera im Raum. Durch entsprechende Nanobeschichtung erzeugen die Fl\u00fcgel beim Fliegen keine Ger\u00e4usche. Dadurch ist auch die Tonqualit\u00e4t der Aufnahmen beeindruckend klar und plastisch. Durch ihre Bauart unterliegt die Nanocam nicht den physischen Einschr\u00e4nkungen, die herk\u00f6mmliche Kameratechnik aufweist. Somit gibt die Nanocam jedem professionellen Bildgestalter gr\u00f6\u00dftm\u00f6gliche gestalerische Freiheit und Flexibilit\u00e4t.<\/p>\n","protected":false},"excerpt":{"rendered":"<p>Die Nanocam ist ein bionischer Organismus, und besteht aus dem auf 1\/1000 seiner nat\u00fcrlichen Gr\u00f6\u00dfe genetisch verkleinerten K\u00f6rper einer Stubenfliege, deren Kopf gegen ein nanotechnologisch hergestelltes Hochleistungsobjektiv ausgetauscht wurde. Durch eine Anbindung der Synapsen an entsprechende Nanoschnittstellen l\u00e4sst sich diese Kamera problemlos \u00fcber ein Laptop oder iPhone\/iPad fernsteuern und das gefilmte Bild synchron aufzeichnen. Nanogyroskope &hellip; <\/p>\n<p class=\"link-more\"><a href=\"https:\/\/www.jcm-animation.de\/?page_id=29\" class=\"more-link\"><span class=\"screen-reader-text\">\u201eNanocam\u201c<\/span> weiterlesen<\/a><\/p>\n","protected":false},"author":1,"featured_media":0,"parent":0,"menu_order":3,"comment_status":"open","ping_status":"closed","template":"","meta":{"ngg_post_thumbnail":0,"footnotes":""},"class_list":["post-29","page","type-page","status-publish","hentry"],"_links":{"self":[{"href":"https:\/\/www.jcm-animation.de\/index.php?rest_route=\/wp\/v2\/pages\/29","targetHints":{"allow":["GET"]}}],"collection":[{"href":"https:\/\/www.jcm-animation.de\/index.php?rest_route=\/wp\/v2\/pages"}],"about":[{"href":"https:\/\/www.jcm-animation.de\/index.php?rest_route=\/wp\/v2\/types\/page"}],"author":[{"embeddable":true,"href":"https:\/\/www.jcm-animation.de\/index.php?rest_route=\/wp\/v2\/users\/1"}],"replies":[{"embeddable":true,"href":"https:\/\/www.jcm-animation.de\/index.php?rest_route=%2Fwp%2Fv2%2Fcomments&post=29"}],"version-history":[{"count":13,"href":"https:\/\/www.jcm-animation.de\/index.php?rest_route=\/wp\/v2\/pages\/29\/revisions"}],"predecessor-version":[{"id":295,"href":"https:\/\/www.jcm-animation.de\/index.php?rest_route=\/wp\/v2\/pages\/29\/revisions\/295"}],"wp:attachment":[{"href":"https:\/\/www.jcm-animation.de\/index.php?rest_route=%2Fwp%2Fv2%2Fmedia&parent=29"}],"curies":[{"name":"wp","href":"https:\/\/api.w.org\/{rel}","templated":true}]}}